Determine t(0).
38
Let q(i) = -i**3 + 13*i**2 - 13*i + 14. What is q(12)?
2
Let s(m) = m - 2. Determine s(10).
8
Let y(f) = 2*f**2 + 13*f + 31. Determine y(-4).
11
Let t(q) = -q**2 - 14*q - 21. Calculate t(-11).
12
Let f(j) = -j**2 - j + 71. Calculate f(8).
-1
Let l(t) = t**3 - 15*t**2 - 16*t + 1. Calculate l(16).
1
Let c(u) = -u**3 - 20*u**2 - 21. Calculate c(-20).
-21
Let k(i) = i**3 + i**2 + 4*i. Calculate k(-3).
-30
Let k(r) = -r + 1. Give k(7).
-6
Let o(n) = 3*n + 26. Determine o(-7).
5
Let g(u) = -2*u**2 + 2*u + 2. What is g(-1)?
-2
Let z(i) = 16*i + 148. Give z(-9).
4
Let b(a) = -a**2 + 11*a - 23. Calculate b(10).
-13
Let n(w) = 20*w**3 - w**2 - w + 1. Give n(1).
19
Let u(k) = 4*k**2 + 6*k - 4. Determine u(-3).
14
Let s(h) = -11*h + 116. What is s(13)?
-27
Let v(d) = d**2 + 3*d - 3. Give v(-6).
15
Let z(k) = 13*k**2 - k - 1. Calculate z(1).
11
Let h(f) = f**2 + 16*f + 38. Calculate h(-7).
-25
Let h(i) = -309*i - 1858. What is h(-6)?
-4
Let x(o) = -o**3 - 7*o**2 + 10*o - 7. Give x(-8).
-23
Let x(d) = -d - 5. Determine x(-2).
-3
Let h(v) = -2*v**2 + 2*v + 3. Give h(2).
-1
Let c(y) = -y**3 + 6*y**2 - 4*y + 68. What is c(7)?
-9
Let h(q) = q**2 - 35*q + 148. Calculate h(5).
-2
Let r(p) = p**3 + 5*p**2 - p - 4. Give r(-5).
1
Let z(p) = -21*p**3 - p**2 + 2*p + 2. What is z(-1)?
20
Let x(t) = 4*t**2 - 14*t + 1. Calculate x(6).
61
Let g(j) = -15*j**2 - 2*j + 1. Give g(1).
-16
Let h(m) = m**3 + 4*m**2 - 3*m - 1. Give h(-4).
11
Let a(b) = -3*b**2 - 12*b + 3. Determine a(-5).
-12
Let c(x) = x**3 - 17*x**2 - 19*x + 15. What is c(18)?
-3
Let s(j) = -j**3 - 5*j**2 + 2*j - 14. Give s(-6).
10
Let s(r) = -r + 3. What is s(4)?
-1
Let d(g) = -4*g + 8. What is d(8)?
-24
Let m(d) = d**2 + 7*d - 296. What is m(-22)?
34
Let s(r) = -r**3 + 32*r**2 - 219*r - 5. Calculate s(10).
5
Let w(m) = -9*m + 21. What is w(-7)?
84
Let y(o) = -o**3 + 8*o**2 + 3*o - 10. Calculate y(8).
14
Let n(r) = -r**2 - 8*r - 1. Calculate n(-6).
11
Let c(a) = a**2 + 16*a - 51. Give c(4).
29
Let g(t) = 12*t**3 + t**2 - t - 6. Give g(-2).
-96
Let b(j) = 2*j**2 - 4*j + 2. Calculate b(3).
8
Let v(d) = 5*d**2 + 19*d + 12. Calculate v(-1).
-2
Let a(y) = 13*y + 31. Give a(-4).
-21
Let t(k) = k**2 - 5*k + 3. Give t(2).
-3
Let v(q) = q**3 - 12*q**2 + 22*q - 30. Calculate v(10).
-10
Let h(n) = -28*n - 698. Calculate h(-25).
2
Let w(o) = -2*o + 48. Calculate w(19).
10
Let n(p) = -11*p + 5. What is n(4)?
-39
Let s(u) = -3*u - 3. Give s(-7).
18
Let u(a) = -4*a + 95. Give u(20).
15
Let f(a) = -a**3 - 4*a**2 + 5*a - 7. Give f(-5).
-7
Let z(r) = -r**2 - r + 5. Determine z(-5).
-15
Let t(d) = 4*d - 15. Determine t(3).
-3
Let b(x) = -10*x + 10. Give b(1).
0
Let w(y) = -2*y + 31. What is w(8)?
15
Let n(i) = -2*i + 20. Give n(15).
-10
Let t(m) = 8*m + 22. Determine t(-6).
-26
Let n(r) = r**3 + 6*r**2 - 6*r + 1. What is n(-7)?
-6
Let a(d) = -7*d - 4. Calculate a(-4).
24
Let m(b) = b**3 - 9*b**2 + 2*b + 8. What is m(9)?
26
Let w(g) = 5*g + 23. Give w(5).
48
Let f(m) = -2*m - 9. Give f(-11).
13
Let l(b) = 16*b - 19. Calculate l(6).
77
Let a(p) = -8*p + 5. Give a(2).
-11
Let m(d) = -9*d + 1. Determine m(2).
-17
Let v(r) = r**3 + 2*r**2 - 2*r + 6. What is v(-4)?
-18
Let r(n) = n**3 + 3*n**2 + 2*n - 2. Determine r(2).
22
Let b(x) = 5*x + 10. Calculate b(-6).
-20
Let l(m) = m**2 - 10*m + 10. Give l(8).
-6
Let k(n) = -2*n**3 - 13*n**2 - 9*n - 9. Calculate k(-6).
9
Let x(p) = 26*p - 262. Give x(10).
-2
Let c(y) = -y**3 + 4*y**2 + 2*y + 16. Determine c(6).
-44
Let k(o) = 2*o**2 - 4*o - 34. What is k(7)?
36
Let z(k) = -k**3 - 2*k**2 + 39. Give z(0).
39
Let q(z) = z**3 + 2*z**2 - 3*z - 2. Determine q(-3).
-2
Let g(n) = 3*n - 38. What is g(10)?
-8
Let g(x) = 9*x + 49. Give g(-6).
-5
Let s(m) = m**2 - 12*m + 13. Determine s(10).
-7
Let s(x) = 55*x - 39. Determine s(2).
71
Let t(w) = 2*w**2 + 16*w + 16. What is t(-7)?
2
Let q(m) = -m**3 - 2*m**2 + 4*m + 4. Calculate q(-3).
1
Let x(v) = -v**3 + 8*v**2 - 20*v + 112. Calculate x(7).
21
Let x(o) = 23*o + 11. Calculate x(-2).
-35
Let v(g) = -2*g**2 + 7*g - 10. Give v(3).
-7
Let w(k) = 34*k + 691. What is w(-20)?
11
Let l(i) = i**2 - 27*i + 57. Give l(27).
57
Let z(c) = 11*c - 1. What is z(1)?
10
Let x(k) = 13*k**2 - 5*k - 16. What is x(-2)?
46
Let r(x) = x**2 - 5*x + 2. What is r(7)?
16
Let l(f) = f**2 + 22*f + 112. Determine l(-13).
-5
Let k(s) = s**2 + 17*s + 13. Determine k(-6).
-53
Let r(p) = -36*p - 8. What is r(2)?
-80
Let n(a) = -a**2 + 7*a + 7. Give n(6).
13
Let p(s) = -3*s**3 + 8*s**2 - 2*s - 9. Determine p(2).
-5
Let m(n) = 7*n - 14. What is m(2)?
0
Let c(q) = q**2 - 14*q + 20. Determine c(11).
-13
Let d(m) = m**3 - 12*m**2 - 2*m - 14. Give d(11).
-157
Let r(s) = -s**2 - 11*s + 3. Give r(-10).
13
Let c(q) = q**2 + 11*q + 10. What is c(-7)?
-18
Let v(k) = 3*k + 9. What is v(-6)?
-9
Let q(v) = -v**2 + 24*v - 20. Calculate q(24).
-20
Let t(j) = -6*j - 50. Calculate t(-15).
40
Let a(v) = 2*v**3 - v**2 - 3*v - 3. Determine a(-2).
-17
Let x(p) = -p - 42. Calculate x(0).
-42
Let z(x) = -x + 5. Determine z(-4).
9
Let i(t) = -t**3 + 7*t**2 + 2*t - 8. Give i(7).
6
Let o(x) = 4*x**2 - 2*x + 15. What is o(-6)?
171
Let b(r) = r - 3. Determine b(9).
6
Let p(x) = -23*x**3 + 2*x - 1. Calculate p(1).
-22
Let b(u) = -2*u**3 + 13*u**2 + 19*u - 77. Calculate b(7).
7
Let m(r) = 8*r + 1. Give m(7).
57
Let v(t) = 2*t - 45. Determine v(16).
-13
Let n(p) = p**3 - p**2 - 2*p - 12. Give n(0).
-12
Let s(b) = b**3 - 8*b**2 + 3*b - 20. Calculate s(8).
4
Let k(q) = q**3 - 14*q**2 - 3. Determine k(14).
-3
Let p(f) = -9*f**3 - f**2 - 3*f - 2. Determine p(-1).
9
Let j(v) = -v**3 - 9*v**2 - v - 4. Calculate j(-9).
5
Let a(l) = 5*l - 108. Give a(24).
12
Let i(w) = -w**2 + 5*w. What is i(6)?
-6
Let g(i) = -3*i**3 - 5*i**2 + 4*i + 10. What is g(-2)?
6
Let j(t) = -t**3 + 23*t**2 - 4*t - 16. What is j(23)?
-108
Let p(i) = -13*i + 33. Calculate p(4).
-19
Let i(o) = -o**2 - o - 31. Calculate i(0).
-31
Let l(c) = -c**3 - 20*c**2 + 2*c + 9. What is l(-20)?
-31
Let z(u) = -4*u**2 + u + 5. Calculate z(-3).
-34
Let a(p) = -2*p**3 + 6*p**2 - 7*p + 1. Calculate a(5).
-134
Let l(w) = w**3 - 7*w**2 + 11*w - 5. Determine l(5).
0
Let u(f) = -f**3 - 2*f**2 + 4*f. Give u(-2).
-8
Let a(z) = -6*z**2 - z + 3. Give a(4).
-97
Let q(w) = 2*w + 2. Give q(-4).
-6
Let t(h) = -h**3 - 21*h**2 + 47*h + 28. What is t(-23)?
5
Let m(o) = -12*o - 10. Determine m(-3).
26
Let j(l) = -l**3 + 5*l**2 + 3*l - 6. Give j(5).
9
Let z(g) = -2*g**2 + 33*g - 111. What is z(6)?
15
Let w(m) = 8*m**3 - m**2 + 3*m - 3. Determine w(1).
7
Let n(w) = -2*w**2 - 35*w - 2. Give n(-17).
15
Let u(v) = -v**2 - 3*v + 82. Determine u(8).
-6
Let b(u) = u**3 - 2*u**2 - 24*u - 14. Give b(0).
-14
Let u(k) = 6*k**3 - 4*k**2 + 3*k - 2. Give u(2).
36
Let c(u) = u**2 + 15*u - 12. Determine c(-15).
-12
Let t(c) = -c**3 + 8*c**2 - 6*c + 2. Determine t(7).
9
Let s(g) = -15*g**2 - 3*g - 1. Calculate s(-2).
-55
Let v(q) = -q**2 - 17*q - 67. Determine v(-9).
5
Let o(q) = -2*q**2 + 16*q - 4. What is o(8)?
-4
Let q(t) = -4*t + 7. Calculate q(5).
-13
Let f(t) = t**3 + 17*t**2 + 17*t + 11. Determine f(-16).
-5
Let p(k) = k**2 - 20*k - 38. Determine p(18).
-74
Let n(i) = 3*i + 10. Determine n(-3).
1
Let p(i) = 27*i - 4. Calculate p(-2).
-58
Let d(m) = -m**3 - 10*m**2 - 3*m + 57. Determine d(-9).
3
Let l(u) = 4*u**2 - 1. Determine l(3).
35
Let r(l) = -l**3 + 3*l**2 + 7*l + 8. Give r(5).
-7
Let c(l) = l**3 + 7*l**2 - 9*l + 10. Calculate c(-8).
18
Let b(g) = g**3 - 12*g**2 - 3*g - 11. Calculate b(12).
-47
Let k(d) = 2*d**2 + 32*d + 8. What is k(-17)?
42
Let s(t) = 3*t - 6. Give s(-4).
-18
Let j(z) = z**2 - 10*z + 2. What is j(10)?
2
Let y(v) = -v**2 + 62*v - 953. Give y(30).
7
Let v(s) = s**2 + 18*s + 7. Calculate v(-7).
-70
Let t(w) = -8*w + 7. Give t(-6).
55
Let w(a) = 8*a**2 - a - 2. Determine w(-1).
7
Let x(w) = -8*w**3 - 3*w**2 + 3*w - 1. Give x(1).
-9
Let s(w) = 119*w - 358. Determine s(3).
-1
Let z(g) = 2*g - 16. Give z(7).
-2
Let j(t) = t**2 - 9*t + 3. Give j(7).
-11
Let h(n) = -2*n**2 - 58*n + 5. Give h(-29).
5
Let h(q) = 15*q + 6. What is h(-4)?
-54
Let r(j) = -j**2 + 16*j - 53. Determine r(10).
7
Let j(n) = -108*n + 434. What is j(4)?
2
Let q(x) = 17*x**3 + x**2 - 2*x - 2. What is q(-1)?
-16
Let r(g) = g**2 - g - 54. What is r(8)?
2
Let y(m) = m**3 + 4*m**2 - 3*m + 1. W